 what is -1c93 - 1?
-1c94
In base 4, what is 11 - 230?
-213
In base 3, what is 12 - -102221?
110010
In base 6, what is 104 - 1141?
-1033
In base 4, what is 1111 - -22?
1133
In base 2, what is -11 + 1011100111011?
1011100111000
In base 11, what is -5 + -500?
-505
In base 6, what is 4 + 5?
13
In base 11, what is 37174 - -1?
37175
In base 16, what is -5 + 151?
14c
In base 15, what is -5 + 94?
8e
In base 8, what is -3257 + 3?
-3254
In base 16, what is 4 - -6?
a
In base 6, what is 55 + -40?
15
In base 15, what is -2 + 90?
8d
In base 3, what is -1200 + -11?
-1211
In base 2, what is 1110 + 10010?
100000
In base 13, what is 7 + -11c8?
-11c1
In base 15, what is 30 - 2?
2d
In base 12, what is -1b48 - -4?
-1b44
In base 10, what is 2464 + -4?
2460
In base 4, what is -212322 - 3?
-212331
In base 5, what is -113 - -22?
-41
In base 12, what is 0 + -630?
-630
In base 13, what is 216 + -1b?
1c8
In base 8, what is -46 - -2?
-44
In base 14, what is -3 + -32?
-35
In base 16, what is 15 + -43?
-2e
In base 15, what is 1 + -d24?
-d23
In base 15, what is -5 + 7?
2
In base 7, what is 4 + -103?
-66
In base 3, what is 2 + -1211000?
-1210221
In base 15, what is -12 + -3?
-15
In base 7, what is -1464 + 3?
-1461
In base 15, what is cb + 6?
d2
In base 7, what is -421 - -51?
-340
In base 11, what is 5a6 - -6?
601
In base 11, what is 15 + 3?
18
In base 16, what is -5 - 34?
-39
In base 5, what is -1021102 - 1?
-1021103
In base 5, what is 32023 + -23?
32000
In base 2, what is 11000100 - -1?
11000101
In base 13, what is -10 - -96?
86
In base 16, what is -2 - 27?
-29
In base 16, what is -15 + f?
-6
In base 8, what is 62 - 5?
55
In base 11, what is 7a - -105?
184
In base 15, what is -1ca + -1?
-1cb
In base 16, what is 2 + -25e?
-25c
In base 13, what is -5 - 476?
-47b
In base 12, what is -2038 + 3?
-2035
In base 13, what is -129b + 2?
-1299
In base 13, what is 3 + 1?
4
In base 4, what is -10030 + 3?
-10021
In base 11, what is 17 + -31?
-15
In base 15, what is b1 + -4?
ac
In base 14, what is -17 + -7?
-20
In base 4, what is 12232 + -212?
12020
In base 12, what is -2 - 0?
-2
In base 2, what is 10000 - -100?
10100
In base 7, what is 506 + 22?
531
In base 12, what is -5 - -a16?
a11
In base 8, what is 333 - -3?
336
In base 13, what is -5 + -13b?
-143
In base 4, what is -2 + 11002?
11000
In base 2, what is 10 + 1000001101?
1000001111
In base 4, what is -11303230 - 2?
-11303232
In base 5, what is 1344 + -11?
1333
In base 7, what is 2 - 6342?
-6340
In base 9, what is 26464 + 4?
26468
In base 13, what is a60 - 2?
a5b
In base 9, what is 15 + -183?
-167
In base 7, what is 4600 - -1?
4601
In base 4, what is -22023 - -2?
-22021
In base 9, what is 5 + -515?
-510
In base 3, what is 1211 + 1201?
10112
In base 14, what is -3 - -29?
26
In base 16, what is 2e - -9b?
c9
In base 12, what is -4 + -295?
-299
In base 3, what is 201210 + 100?
202010
In base 7, what is 5 - -56?
64
In base 5, what is -12 - 200?
-212
In base 6, what is 510 + -4?
502
In base 3, what is 2020 + 0?
2020
In base 12, what is 15 - 18?
-3
In base 3, what is -1012 + -12002?
-20021
In base 9, what is -860 + 5?
-854
In base 3, what is 202 + 11122?
12101
In base 9, what is 26 + 14?
41
In base 10, what is -284 - 5?
-289
In base 7, what is -10 + 52?
42
In base 7, what is -1 + 2236?
2235
In base 14, what is -58 + 0?
-58
In base 12, what is -38 - 116?
-152
In base 14, what is 5 + 83c?
843
In base 11, what is 1 + -353?
-352
In base 12, what is 10aa6 + -3?
10aa3
In base 3, what is -121 - 200212?
-201110
In base 2, what is 1001101 - -11?
1010000
In base 7, what is -5 + 1311?
1303
In base 3, what is -1021012 - 2?
-1021021
In base 9, what is 410 + 4?
414
In base 5, what is -3141 - -3?
-3133
In base 8, what is -1033 + 33?
-1000
In base 4, what is -20 - 1101?
-1121
In base 7, what is 135 - -3?
141
In base 12, what is -1 - 29?
-2a
In base 15, what is -41 - 7?
-48
In base 10, what is 2 + 9?
11
In base 12, what is 1b23 + 0?
1b23
In base 15, what is 4 + 629?
62d
In base 5, what is -121 + 2?
-114
In base 4, what is -233202 + 10?
-233132
In base 7, what is 3 + 246?
252
In base 4, what is -120 - -30?
-30
In base 13, what is 3 - 127?
-124
In base 10, what is -25 + -68?
-93
In base 16, what is -e - 0?
-e
In base 10, what is 12945 + 0?
12945
In base 15, what is 107 + 5?
10c
In base 2, what is 0 + -11001?
-11001
In base 7, what is -23 + 134?
111
In base 9, what is -14 - -12?
-2
In base 4, what is 202210 + 10?
202220
In base 7, what is -5 + -5056?
-5064
In base 13, what is 7 - 166?
-15c
In base 14, what is 0 - c85?
-c85
In base 14, what is -4 + 138?
134
In base 2, what is 101 + 10111011001?
10111011110
In base 10, what is 20 - -2?
22
In base 13, what is c273 + 2?
c275
In base 13, what is 14 - -19?
30
In base 6, what is -12 - 31?
-43
In base 12, what is 4 - 969?
-965
In base 2, what is -101111001 - -100?
-101110101
In base 11, what is 0 - -178?
178
In base 7, what is -335 - 15?
-353
In base 3, what is 11022 + 12?
11111
In base 12, what is -6 - -66?
60
In base 13, what is 147 - -3?
14a
In base 7, what is 10 + 445?
455
In base 14, what is 2a45 + -5?
2a40
In base 14, what is 2531 - 3?
252c
In base 3, what is -10 + 12?
2
In base 11, what is 29 - -1?
2a
In base 4, what is -22022 + 1?
-22021
In base 5, what is -11 - -22?
11
In base 6, what is -1101 - -1?
-1100
In base 6, what is 10 + 12?
22
In base 8, what is -56 + 14?
-42
In base 4, what is -1 + -1102?
-1103
In base 16, what is 28df + -1?
28de
In base 4, what is 0 - 120?
-120
In base 16, what is 18 - 1f?
-7
In base 12, what is 5 + -104?
-bb
In base 3, what is -1100 - 22?
-1122
In base 14, what is 4 - 39?
-35
In base 4, what is 11301 + 2?
11303
In base 15, what is 1 - -7a2?
7a3
In base 6, what is -500 - -3?
-453
In base 2, what is -10101 - -1101?
-1000
In base 6, what is 1022 + 2?
1024
In base 4, what is 31 + 331?
1022
In base 8, what is -7045 - -5?
-7040
In base 3, what is -12 - 201112?
-201201
In base 4, what is 103 - -1032?
1201
In base 12, what is 2 - 2197?
-2195
In base 13, what is 6 - 4?
2
In base 5, what is 302 + -220?
32
In base 3, what is -1 + 1010100?
1010022
In base 11, what is 6 + 6?
11
In base 14, what is -1d6 + 1?
-1d5
In base 5, what is 1 + 41?
42
In base 6, what is 2 - 25?
-23
In base 10, what is -299 + 27?
-272
In base 13, what is 2 - 51?
-4c
In base 15, what is c + -10?
-3
In base 15, what is -1d - 7?
-25
In base 14, what is -7 - 2?
-9
In base 11, what is -170 - -11?
-15a
In base 7, what is -11 + -155?
-166
In base 10, what is -5 - -53?
48
In base 16, what is 22a4 - 4?
22a0
In base 9, what is -1 - -157?
156
In base 12, what is 0 + 110?
110
In base 11, what is -6 + 1253?
1248
In base 5, what is 2 - -414?
421
In base 6, what is -332 - -121?
-211
In base 5, what is 242 - -10?
302
In base 15, what is c - -31?
3d
In base 6, what is -4 - -511?
503
In base 6, what is -4 - 225?
-233
In base 9, what is 1 - 131?
-130
In base 2, what is 11001100 + -10000?
10111100
In base 9, what is -466 - -3?
-463
In base 2, what is -100100 - 11?
-100111
In base 6, what is -5 - -424?
415
In base 13, what is 124 - 28?
c9
In base 15, what is 3 + -31?
-2d
In base 3, what is -22012 - 12?
-22101
In base 9, what is -10 - -57?
47
In base 12, what is -7 - 42?
-49
In base 5, what is -114043 - -10?
-114033
In base 8, what is 5 + 4653?
4660
In base 6, what is 111 - 52?
15
In base 14, what is 794 - -1?
795
In base 3, what is -12 + -22200212?
-22201001
In base 11, what is 222 - 2?
220
In base 13, what is -1a + 16a?
150
In base 13, what is -28 - 14?
-3c
In base 8, what is 2 + 31?
33
In base 6, what is -2 + -124?
-130
In base 10, what is 1 - -3823?
3824
In base 3, what is -2102120 - 11?
-2102201
In base 2, what is 101001101000 - -11?
101001101011
In base 9, what is -3 - -35?
32
In base 8, what is -24 + 24?
0
In base 10, what is 2 - 1139?
-1137
In base 10, what is 3 + -96?
-93
In base 12, what is -8b1 + 0?
-8b1
In base 8, what is 43 - 54?
-11
In base 3, what is 2101 - 2010?
21
In base 2, what is -11101111101 + 101?
-11101111000
In base 7, what is -34 + 6?
-25
In base 7, what is 64 - 14?
50
In base 16, what is -e + 1d7?
1c9
In base 10, what is 344 + -2?
342
In base 6, what is 102 + 142?
244
In base 5, what is 224 + -222?
2
In base 15, what is -5 + 321?
31b
In base 10, what is -322 - -5?
-317
In base 10, what is -85 - 126?
-211
In base 14